{"id":863,"date":"2025-03-05T17:25:27","date_gmt":"2025-03-05T17:25:27","guid":{"rendered":"http:\/\/10.250.9.231\/portales\/74\/ces\/?page_id=863"},"modified":"2026-03-20T15:25:46","modified_gmt":"2026-03-20T15:25:46","slug":"posgrado","status":"publish","type":"page","link":"https:\/\/educacionensalud.imss.gob.mx\/p\/portal\/posgrado\/","title":{"rendered":"Posgrado"},"content":{"rendered":"","protected":false},"excerpt":{"rendered":"<p>El Posgrado del CES IMSS proporciona programas avanzados en salud, orientados a la especializaci\u00f3n y liderazgo. Incluye convocatorias para profesionales que buscan profundizar sus conocimientos y habilidades, contribuyendo al avance del sistema de salud y al bienestar de la poblaci\u00f3n.<br \/>\nConvocatoria ENARM XLIX \u2013 VUELTA 1 Ciclo. 2026-2027.<br \/>\nConvocatoria para el Examen con Fines de Selecci\u00f3n a Especialidades de Rama (EFISER) para M\u00e9dicos residentes del IMSS. Ciclo 26-27.<br \/>\nPuntajes m\u00e1ximos y m\u00ednimos de plazas asignadas a seccionados ENARM por a\u00f1o<\/p>\n","protected":false},"author":2,"featured_media":0,"parent":0,"menu_order":0,"comment_status":"closed","ping_status":"closed","template":"home.php","meta":{"footnotes":""},"categories":[],"tags":[],"class_list":["post-863","page","type-page","status-publish","hentry"],"acf":[],"_links":{"self":[{"href":"https:\/\/educacionensalud.imss.gob.mx\/p\/portal\/wp-json\/wp\/v2\/pages\/863","targetHints":{"allow":["GET"]}}],"collection":[{"href":"https:\/\/educacionensalud.imss.gob.mx\/p\/portal\/wp-json\/wp\/v2\/pages"}],"about":[{"href":"https:\/\/educacionensalud.imss.gob.mx\/p\/portal\/wp-json\/wp\/v2\/types\/page"}],"author":[{"embeddable":true,"href":"https:\/\/educacionensalud.imss.gob.mx\/p\/portal\/wp-json\/wp\/v2\/users\/2"}],"replies":[{"embeddable":true,"href":"https:\/\/educacionensalud.imss.gob.mx\/p\/portal\/wp-json\/wp\/v2\/comments?post=863"}],"version-history":[{"count":141,"href":"https:\/\/educacionensalud.imss.gob.mx\/p\/portal\/wp-json\/wp\/v2\/pages\/863\/revisions"}],"predecessor-version":[{"id":34110,"href":"https:\/\/educacionensalud.imss.gob.mx\/p\/portal\/wp-json\/wp\/v2\/pages\/863\/revisions\/34110"}],"wp:attachment":[{"href":"https:\/\/educacionensalud.imss.gob.mx\/p\/portal\/wp-json\/wp\/v2\/media?parent=863"}],"wp:term":[{"taxonomy":"category","embeddable":true,"href":"https:\/\/educacionensalud.imss.gob.mx\/p\/portal\/wp-json\/wp\/v2\/categories?post=863"},{"taxonomy":"post_tag","embeddable":true,"href":"https:\/\/educacionensalud.imss.gob.mx\/p\/portal\/wp-json\/wp\/v2\/tags?post=863"}],"curies":[{"name":"wp","href":"https:\/\/api.w.org\/{rel}","templated":true}]}}