{"id":32480,"date":"2025-08-21T17:27:27","date_gmt":"2025-08-21T17:27:27","guid":{"rendered":"https:\/\/educacionensalud.imss.gob.mx\/p\/portal\/?page_id=32480"},"modified":"2025-08-26T15:50:59","modified_gmt":"2025-08-26T15:50:59","slug":"permutas","status":"publish","type":"page","link":"https:\/\/educacionensalud.imss.gob.mx\/p\/portal\/permutas\/","title":{"rendered":"Permutas"},"content":{"rendered":"","protected":false},"excerpt":{"rendered":"<p>El IMSS ofrece programas educativos para cubrir las necesidades de salud en \u00e1reas de dif\u00edcil acceso. Conoce los proyectos y estrategias implementadas para formar profesionales que puedan brindar atenci\u00f3n en comunidades vulnerables.<\/p>\n","protected":false},"author":1,"featured_media":0,"parent":0,"menu_order":0,"comment_status":"closed","ping_status":"closed","template":"home.php","meta":{"footnotes":""},"categories":[3],"tags":[],"class_list":["post-32480","page","type-page","status-publish","hentry","category-posgrado"],"acf":[],"_links":{"self":[{"href":"https:\/\/educacionensalud.imss.gob.mx\/p\/portal\/wp-json\/wp\/v2\/pages\/32480","targetHints":{"allow":["GET"]}}],"collection":[{"href":"https:\/\/educacionensalud.imss.gob.mx\/p\/portal\/wp-json\/wp\/v2\/pages"}],"about":[{"href":"https:\/\/educacionensalud.imss.gob.mx\/p\/portal\/wp-json\/wp\/v2\/types\/page"}],"author":[{"embeddable":true,"href":"https:\/\/educacionensalud.imss.gob.mx\/p\/portal\/wp-json\/wp\/v2\/users\/1"}],"replies":[{"embeddable":true,"href":"https:\/\/educacionensalud.imss.gob.mx\/p\/portal\/wp-json\/wp\/v2\/comments?post=32480"}],"version-history":[{"count":4,"href":"https:\/\/educacionensalud.imss.gob.mx\/p\/portal\/wp-json\/wp\/v2\/pages\/32480\/revisions"}],"predecessor-version":[{"id":32556,"href":"https:\/\/educacionensalud.imss.gob.mx\/p\/portal\/wp-json\/wp\/v2\/pages\/32480\/revisions\/32556"}],"wp:attachment":[{"href":"https:\/\/educacionensalud.imss.gob.mx\/p\/portal\/wp-json\/wp\/v2\/media?parent=32480"}],"wp:term":[{"taxonomy":"category","embeddable":true,"href":"https:\/\/educacionensalud.imss.gob.mx\/p\/portal\/wp-json\/wp\/v2\/categories?post=32480"},{"taxonomy":"post_tag","embeddable":true,"href":"https:\/\/educacionensalud.imss.gob.mx\/p\/portal\/wp-json\/wp\/v2\/tags?post=32480"}],"curies":[{"name":"wp","href":"https:\/\/api.w.org\/{rel}","templated":true}]}}