{"id":31219,"date":"2025-04-03T15:36:12","date_gmt":"2025-04-03T15:36:12","guid":{"rendered":"http:\/\/10.250.9.231\/portales\/74\/ces\/?page_id=31219"},"modified":"2025-04-24T20:27:16","modified_gmt":"2025-04-24T20:27:16","slug":"especialidades-de-entrada-indirecta","status":"publish","type":"page","link":"https:\/\/educacionensalud.imss.gob.mx\/p\/portal\/especialidades-de-entrada-indirecta\/","title":{"rendered":"Especialidades de entrada indirecta"},"content":{"rendered":"","protected":false},"excerpt":{"rendered":"<p>Conoce las especialidades de entrada indirecta del IMSS, ideales para m\u00e9dicos que desean avanzar en su formaci\u00f3n a trav\u00e9s de una especialidad relacionada, sin necesidad de haber cursado previamente una especialidad directa.<\/p>\n","protected":false},"author":1,"featured_media":0,"parent":0,"menu_order":0,"comment_status":"closed","ping_status":"closed","template":"home.php","meta":{"footnotes":""},"categories":[3],"tags":[],"class_list":["post-31219","page","type-page","status-publish","hentry","category-posgrado"],"acf":[],"_links":{"self":[{"href":"https:\/\/educacionensalud.imss.gob.mx\/p\/portal\/wp-json\/wp\/v2\/pages\/31219","targetHints":{"allow":["GET"]}}],"collection":[{"href":"https:\/\/educacionensalud.imss.gob.mx\/p\/portal\/wp-json\/wp\/v2\/pages"}],"about":[{"href":"https:\/\/educacionensalud.imss.gob.mx\/p\/portal\/wp-json\/wp\/v2\/types\/page"}],"author":[{"embeddable":true,"href":"https:\/\/educacionensalud.imss.gob.mx\/p\/portal\/wp-json\/wp\/v2\/users\/1"}],"replies":[{"embeddable":true,"href":"https:\/\/educacionensalud.imss.gob.mx\/p\/portal\/wp-json\/wp\/v2\/comments?post=31219"}],"version-history":[{"count":3,"href":"https:\/\/educacionensalud.imss.gob.mx\/p\/portal\/wp-json\/wp\/v2\/pages\/31219\/revisions"}],"predecessor-version":[{"id":31747,"href":"https:\/\/educacionensalud.imss.gob.mx\/p\/portal\/wp-json\/wp\/v2\/pages\/31219\/revisions\/31747"}],"wp:attachment":[{"href":"https:\/\/educacionensalud.imss.gob.mx\/p\/portal\/wp-json\/wp\/v2\/media?parent=31219"}],"wp:term":[{"taxonomy":"category","embeddable":true,"href":"https:\/\/educacionensalud.imss.gob.mx\/p\/portal\/wp-json\/wp\/v2\/categories?post=31219"},{"taxonomy":"post_tag","embeddable":true,"href":"https:\/\/educacionensalud.imss.gob.mx\/p\/portal\/wp-json\/wp\/v2\/tags?post=31219"}],"curies":[{"name":"wp","href":"https:\/\/api.w.org\/{rel}","templated":true}]}}